19 a factor of 178809?
True
Does 122 divide 976978?
False
Does 10 divide 49270?
True
Is 12 a factor of 241879?
False
Does 50 divide 12107?
False
Is 61 a factor of 835212?
True
Is 749 a factor of 2208801?
True
Is 3 a factor of 874800?
True
Does 918 divide 11327202?
True
Is 1461 a factor of 15241152?
True
Is 314450 a multiple of 50?
True
Is 182 a factor of 3963383?
False
Does 58 divide 1810311?
False
Does 20 divide 3577789?
False
Is 25 a factor of 664225?
True
Does 326 divide 2470428?
True
Is 7426562 a multiple of 506?
True
Does 63 divide 1086797?
False
Is 3087278 a multiple of 427?
False
Does 24 divide 12465096?
True
Does 1251 divide 1010808?
True
Is 9 a factor of 95211?
True
Is 845 a factor of 10985?
True
Is 540 a factor of 488160?
True
Does 18 divide 45468?
True
Is 62071 a multiple of 12?
False
Does 18 divide 5547780?
True
Is 14 a factor of 197776?
False
Is 23032964 a multiple of 2143?
True
Is 12 a factor of 27468?
True
Is 8 a factor of 104777?
False
Is 14 a factor of 491868?
False
Is 1014044 a multiple of 256?
False
Is 1952181 a multiple of 189?
True
Does 32 divide 144351?
False
Does 493 divide 477717?
True
Is 1124493 a multiple of 43?
True
Is 7408892 a multiple of 16?
False
Does 325 divide 143000?
True
Is 9885422 a multiple of 17?
False
Is 169650 a multiple of 29?
True
Is 33638 a multiple of 3?
False
Is 13 a factor of 5478642?
True
Is 16739 a multiple of 19?
True
Is 180954 a multiple of 5?
False
Does 15 divide 88065?
True
Is 412182 a multiple of 898?
True
Is 5330204 a multiple of 23?
True
Is 7 a factor of 646237?
False
Is 766961 a multiple of 13?
True
Is 30 a factor of 7400910?
True
Is 25 a factor of 4723351?
False
Is 210736 a multiple of 421?
False
Is 92320 a multiple of 160?
True
Is 4607802 a multiple of 68?
False
Is 1086406 a multiple of 3?
False
Is 1322 a factor of 7281576?
True
Is 226 a factor of 77895?
False
Is 196 a factor of 4704?
True
Does 32 divide 458300?
False
Does 19 divide 11717?
False
Is 12 a factor of 932988?
True
Is 175 a factor of 559534?
False
Is 103 a factor of 158664?
False
Is 108 a factor of 1232820?
True
Does 60 divide 807480?
True
Does 131 divide 4236933?
True
Is 13246231 a multiple of 17?
False
Is 16203 a multiple of 18?
False
Is 164 a factor of 117399?
False
Is 2302 a factor of 18581744?
True
Is 21 a factor of 1674393?
True
Does 16 divide 183296?
True
Is 72 a factor of 1016698?
False
Is 3259962 a multiple of 82?
False
Does 48 divide 164640?
True
Does 41 divide 5199866?
True
Does 308 divide 495971?
False
Is 109383 a multiple of 101?
True
Is 5 a factor of 1516141?
False
Does 9 divide 495?
True
Does 22 divide 51282?
True
Does 1708 divide 10241264?
False
Is 348736 a multiple of 24?
False
Is 12 a factor of 1768944?
True
Is 11556714 a multiple of 10?
False
Does 10 divide 55010?
True
Is 5 a factor of 916396?
False
Does 1382 divide 30889082?
True
Is 101800 a multiple of 14?
False
Does 4 divide 58192?
True
Does 357 divide 3136921?
False
Is 22 a factor of 3293620?
True
Does 114 divide 1206274?
False
Does 109 divide 287194?
False
Is 2634612 a multiple of 911?
True
Is 6917022 a multiple of 7?
True
Is 41824 a multiple of 266?
False
Is 679 a factor of 2365636?
True
Is 15 a factor of 2870656?
False
Does 31 divide 248579?
False
Is 271598 a multiple of 219?
False
Is 702972 a multiple of 12?
True
Is 422 a factor of 511464?
True
Does 10 divide 32550?
True
Does 5 divide 87704?
False
Is 616 a factor of 586432?
True
Does 49 divide 1180836?
False
Does 245 divide 1126265?
True
Is 12 a factor of 336022?
False
Is 236 a factor of 14396?
True
Is 857496 a multiple of 45?
False
Does 155 divide 39680?
True
Does 5 divide 39570?
True
Does 233 divide 5782128?
True
Does 25 divide 148975?
True
Is 10601309 a multiple of 5?
False
Is 5461 a multiple of 20?
False
Is 11 a factor of 3540856?
True
Does 16 divide 133334?
False
Does 258 divide 2152836?
False
Does 16 divide 4344078?
False
Is 4368320 a multiple of 803?
True
Is 7 a factor of 284098?
False
Does 22 divide 5277580?
True
Is 67 a factor of 126228?
True
Is 111 a factor of 364976?
False
Does 36 divide 5694156?
True
Is 504102 a multiple of 103?
False
Does 715 divide 511225?
True
Is 4 a factor of 20149?
False
Is 1402 a factor of 2066548?
True
Does 6 divide 2069473?
False
Does 282 divide 921858?
True
Does 11 divide 140197?
False
Does 39 divide 16035306?
False
Is 15 a factor of 5684569?
False
Is 1062 a multiple of 11?
False
Is 1992538 a multiple of 158?
True
Does 13 divide 25894?
False
Is 34 a factor of 115636?
False
Does 37 divide 11035?
False
Is 31 a factor of 6115525?
True
Does 8 divide 1745376?
True
Is 2 a factor of 3790?
True
Does 274 divide 398127?
False
Is 2155079 a multiple of 47?
False
Is 173 a factor of 779515?
False
Is 82 a factor of 1874641?
False
Does 12 divide 159168?
True
Is 114961 a multiple of 11?
True
Is 310257 a multiple of 414?
False
Is 1691 a factor of 12518473?
True
Is 45342 a multiple of 18?
True
Is 13 a factor of 1331365?
False
Is 91 a factor of 2066064?
True
Is 42 a factor of 206430?
True
Is 21 a factor of 157773?
True
Does 16 divide 911024?
True
Is 11 a factor of 552200?
True
Does 123 divide 12934?
False
Is 93765 a multiple of 141?
True
Does 266 divide 3389106?
True
Is 4108471 a multiple of 257?
False
Is 837158 a multiple of 12?
False
Does 1912 divide 10364952?
True
Does 80 divide 1535469?
False
Is 2537990 a multiple of 13?
True
Is 44191 even?
False
Is 230 a factor of 7360?
True
Does 224 divide 5906880?
True
Is 1703160 a multiple of 108?
True
Is 87 a factor of 350054?
False
Is 6 a factor of 26737?
False
Does 10 divide 21277513?
False
Does 52 divide 17948?
False
Is 64 a factor of 599616?
True
Is 2650251 a multiple of 44?
False
Is 45 a factor of 277449?
False
Is 507 a factor of 3093714?
True
Is 157182 a multiple of 69?
True
Does 12 divide 547796?
False
Is 377 a factor of 1365117?
True
Is 6226399 a multiple of 94?
False
Is 1228 a multiple of 26?
False
Is 192624 a multiple of 3?
True
Is 123 a factor of 301842?
True
Is 44501 a multiple of 9?
False
Is 130809 a multiple of 11?
False
Is 297 a factor of 936772?
False
Does 6 divide 32245?
False
Does 88 divide 1412345?
False
Is 248206 a multiple of 146?
False
Is 900 a factor of 516692?
False
Is 88 a factor of 140184?
True
Is 19 a factor of 19765?
False
Does 628 divide 8515113?
False
Is 353940 a multiple of 85?
True
Does 85 divide 53890?
True
Does 50 divide 2557553?
False
Is 7 a factor of 3591941?
False
Is 1595 a factor of 7576250?
True
Does 17 divide 3072818?
True
Does 70 divide 300191?
False
Does 201 divide 300093?
True
Does 125 divide 220877?
False
Does 45 divide 114607?
False
Is 710714 a multiple of 40?
False
Does 409 divide 87117?
True
Is 14 a factor of 2433872?
True
Does 3 divide 1335186?
True
Is 15262497 a multiple of 965?
False
Is 2628606 a multiple of 29?
False
Does 52 divide 220012?
True
Is 265380 a multiple of 173?
False
Does 7 divide 1771?
True
Is 16082373 a multiple of 128?
False
Is 10271533 a multiple of 37?
True
Is 2696498 a multiple of 5?
False
Is 4359056 a multiple of 494?
True
Is 3 a factor of 462350?
False
Does 5 divide 681490?
True
Does 34 divide 452460?
False
Is 6 a factor of 289692?
True
Is 1036615 a multiple of 34?
False
Is 197446 a multiple of 23?
False
Is 33565 a multiple of 245?
True
Is 235582 a multiple of 12?
False
Does 307 divide 263355?
False
Does 57 divide 808638?
False
Is 1150450 a multiple of 133?
True
Is 200116 a multiple of 167?
False
Does 33 divide 44880?
True
Does 420 divide 243500?
False
Does 33 divide 3345144?
True
Does 44 divide 387130?
False
Is 1735581 a multiple of 385?
False
Does 10 divide 856527?
False
Is 259 a factor of 7306390?
True
Is 17025 a multiple of 681?
True
Is 268302 a multiple of 598?
False
Is 14653756 a multiple of 115?
False
Is 162927 a multiple of 43?
True
Is 73 a factor of 48215?
False
Is 2764 a multiple of 5?
False
Is 20757 a multiple of 326?
False
Is 1858033 a multiple of 83?
False
Is 786 a factor of 1938276?
True
Is 80033 a multiple of 200?
False
Is 1697121 a multiple of 16?
False
Is 5 a factor of 83525?
True
Is 580842 a multiple of 61?
True
Is 233676 a multiple of 18?
True
Does 340 divide 199920?
True
Is 74342 a multiple of 777?
False
Does 10 divide 84190?
True
Is 19 a factor of 15630?
False
Is 34138 a multiple of 202?
True
Is 312 a factor of 470507?
False
Is 221 a factor of 